pose -6980 = -2*q - 2110. What is the tens digit of q?
3
Let x = -11 - -2. Let p = x - -40. What is the units digit of p?
1
Let k(i) = -3*i**2 + 60*i + 38. What is the hundreds digit of k(18)?
1
Let i be 36/(-84) - 150/(-7). Suppose 4*n + i = 5*l + 519, -2*l - 370 = -3*n. What is the tens digit of n?
2
Suppose -2*g + 367 = -10*a + 11*a, -5*a + 4*g = -1877. What is the hundreds digit of a?
3
Let l(a) = 12*a**2 + 6*a + 11. What is the units digit of l(-9)?
9
Let y(w) = 6*w - 5*w + 0 - 1. Let d be y(8). Suppose -2*h + 45 = d. What is the units digit of h?
9
Suppose -4*c + 1 - 21 = 0, 0 = -2*h + 2*c + 262. Suppose 2*k = 5*v + h, 2*k - 4*v + 0*v - 122 = 0. What is the tens digit of k?
5
Let r = 1658 + -831. What is the units digit of r?
7
Let u = -22 - -41. Let d(m) = -u*m - 5*m + 7*m - 4 - m**2. What is the units digit of d(-5)?
6
Let x = 34 + -31. Suppose 0 = -2*s + m + 53, x*s - 2*m = -7*m + 112. What is the units digit of s?
9
Let s(p) = p + 8. Let t = -7 - 1. Let u be s(t). What is the units digit of 22 + -1 + u/2?
1
Let u(l) = 4*l**2 - 25*l + 8. Let i(x) = -7*x**2 + 50*x - 15. Let t(y) = 3*i(y) + 5*u(y). What is the units digit of t(16)?
9
Suppose -6606 + 89728 = 23*w. What is the tens digit of w?
1
What is the hundreds digit of (14/7)/((-5720)/(-1905) + -3)?
7
Suppose -a + 7 + 8 = 3*j, 0 = 5*a - 2*j - 143. Suppose -4*y + 67 + 82 = -5*m, -y + 35 = m. Let f = y - a. What is the units digit of f?
9
Let i(g) = -g**2 - 15*g - 26. Let b be i(-13). Suppose 0 = -5*f - 4*x + 1327, 0*f - 2*f - 4*x + 538 = b. What is the hundreds digit of f?
2
Let a = -609 - -1284. What is the units digit of a?
5
Let o(m) = 219*m**3 + m**2 - m + 2. Let k be o(2). What is the tens digit of (-6)/8 + k/16 + 3?
1
Let k(a) = 4*a**2 - 27*a - 93. What is the hundreds digit of k(15)?
4
Suppose 2*v - 3 = r, -r + 3 = -2*v + 2*r. Suppose v*m - q - 771 = -2*m, 5*m - 2*q = 767. What is the hundreds digit of m?
1
Let m(i) = -9*i - 25. Let x(s) = 19*s + 48. Let o(u) = -11*m(u) - 6*x(u). What is the units digit of o(-3)?
2
Suppose 18 - 2 = 4*o. Suppose o*i - 4*s + 0 = -4, -i - 2*s = -11. Suppose -i*p - 2*p + 125 = 0. What is the tens digit of p?
2
Let t = 1302 - -2779. What is the thousands digit of t?
4
Let n(j) be the third derivative of j**6/120 - j**5/20 + j**4/8 - j**3/2 - 3*j**2. Let s be 3/(-4)*-2*2. What is the units digit of n(s)?
6
Let a(s) be the third derivative of s**4/3 - 4*s**3/3 + 21*s**2. Suppose 16 + 2 = 3*v. What is the units digit of a(v)?
0
Let o(t) = 19*t + 2. Let j be o(1). Let u be 1/3 - j/9. What is the units digit of 2 - -55 - u/(-2)?
6
Let g(q) = -q**3 - 4*q**2 - 6*q - 1. Let a be g(-6). Let o = a - 44. What is the tens digit of o?
6
Let g be (16 + -33)/(1 + 0). Let o be (-1 + 2)/(g/(-85)). Suppose 0 = -0*k - k, o*t + 3*k = 5. What is the units digit of t?
1
Let x(h) = 49*h - 247. What is the tens digit of x(11)?
9
Suppose -s + 12 - 48 = 0. Let q be 5/(10/(-4))*s. Suppose 2*d = -28 + q. What is the units digit of d?
2
Let y(k) = -11*k + 8. Let c be y(-4). Suppose u + 0*u + 3*i = 34, c = u - 3*i. What is the units digit of u?
3
Suppose 3*j - 9*j = -9738. What is the units digit of j?
3
Suppose -35*g = -9*g - 45110. What is the units digit of g?
5
Let m(q) = -8*q - 5. Let o(f) = 16*f + 9. Let t(u) = -5*m(u) - 2*o(u). What is the units digit of t(8)?
1
Suppose 5*y = -31 - 134. Let g(n) = n**2 + 10*n + 5. Let h be g(-9). What is the units digit of (h/(-1))/((-6)/y)?
2
What is the units digit of (-4 - 25/(-10))/(6/(-488))?
2
Let j(w) = w - 5. Let v be j(5). Suppose v = b + b - 4. Suppose -2*p = -5*n - 41, 4*n = 3*p + b*n - 78. What is the units digit of p?
8
Let g be -3*(64/6)/(-8). Suppose -v + 377 = 4*h + 4, -g*v - 12 = 0. What is the tens digit of h?
9
Suppose -20 = 3*y + 10. Let z = 13 + -8. What is the units digit of 3/z - 144/y?
5
Let c(k) be the third derivative of k**5/60 + k**4/24 + 5*k**3/6 - 5*k**2. Let y be c(0). Suppose -y*m + 60 = -0*m. What is the tens digit of m?
1
Let w(m) = -14*m**2 - 2*m - 1. Let c(l) = l**2 - l + 1. Let d(s) = -6*c(s) - w(s). What is the units digit of d(-6)?
5
Let o(c) = 29*c + 7. Let r(x) = 88*x + 21. Let u(l) = -8*o(l) + 3*r(l). What is the units digit of u(2)?
1
What is the hundreds digit of ((-578)/(-136))/((-2)/(-192))?
4
Let f(s) = s**3 - 3*s**2 + 3*s - 9. Let k(h) = -2*h**3 + 7*h**2 - 2*h + 3. Let b be k(3). What is the hundreds digit of f(b)?
1
Suppose -2*b = b - 4*u - 939, -b + 2*u = -313. What is the tens digit of b?
1
Let b be ((-44)/(-12) + -1)*3. Let x = 19 - b. Suppose -8 = -a + x. What is the units digit of a?
9
Suppose 0 = -7*m + 3*m + 168. Let t = m - 29. Suppose 0 = b + t - 29. What is the units digit of b?
6
Suppose -t - 2*t = x + 15, 0 = 5*t - x + 17. Let s = t + 6. Suppose 5*f + i - 55 - 53 = 0, 0 = s*f + i - 45. What is the units digit of f?
1
What is the tens digit of 16/(240/11541) + 4/(-10)?
6
Suppose 8*x + 49 = 7*x. What is the tens digit of -6*2/4 - x?
4
Suppose 13*b = -0*b - 65. Let s(l) be the second derivative of l**4/12 - 2*l**2 - l. What is the tens digit of s(b)?
2
Let k(a) = 11 - 10 + 6*a - 3*a - a. What is the units digit of k(4)?
9
Let h be 58/12 + 1/6. Suppose h = 3*v + 17. What is the units digit of (-6)/v*156/9?
6
Suppose -73*d + 66*d = -4886. What is the hundreds digit of d?
6
Let p = -1056 + 2136. What is the units digit of p?
0
What is the hundreds digit of 1*((-1)/2)/(4/(-3176))?
3
Let t be (-30)/(-9)*(-33)/(-22). Suppose 0 = 4*s - 7*s + 4*h + 474, -t*h - 169 = -s. What is the tens digit of s?
5
Suppose -29*b = -32*b + 111. What is the units digit of b?
7
Suppose -3*g = -0*g - 12. Suppose g = -0*q - q + w, -3*q - 5*w = -4. What is the units digit of 1*(1 - q) + 40?
3
Let v(j) = j**2 + 5*j - 19. Let s be v(-8). Suppose 0 = -s*f + 2*c + 1142, -3*f + 0*c = -5*c - 689. What is the hundreds digit of f?
2
Let x(o) = o**3 + o**2 - 2*o. Let y be x(2). Suppose 3*a - t - y = 9, 3*a + 2*t = 2. Let i(u) = u**3 - 2*u**2 - 3*u + 6. What is the tens digit of i(a)?
2
What is the hundreds digit of (23/((-2415)/42))/((-2)/1735)?
3
Let k(a) = 1. Let b = -2 + -2. Let p(n) = -21*n - 3. Let j(f) = b*k(f) - p(f). What is the tens digit of j(1)?
2
Let i(p) = p**3 - 5*p**2 - 7*p + 6. Let o be i(6). Suppose o*b + 12 = 3*b. Suppose 3*z = b*w - 10 - 56, -28 = -2*w + 4*z. What is the tens digit of w?
1
Let j = -70 - -74. Suppose 91 = -j*c + 711. What is the tens digit of c?
5
Let d(t) = -t**3 - 15*t**2 + 6*t + 19. Let f be d(-15). Let v = f + 134. Let j = v - 41. What is the units digit of j?
2
Suppose 3*c = 6*c + 5*z + 595, -5*c - 998 = 2*z. Let u = 303 + c. Suppose -4*d = -5*h - u, -h + 3*h + 94 = 4*d. What is the units digit of d?
2
Suppose 69*x - 59*x - 1080 = 0. What is the tens digit of x?
0
What is the units digit of -3 - (-10 + 4 - -8) - -119?
4
Suppose -2*b - 12*k + 6358 = -17*k, -2*b - 4*k = -6322. What is the tens digit of b?
6
Let u(d) = 6*d**2 - 28*d - 13. What is the hundreds digit of u(12)?
5
Let n(v) = 30*v + 36. Let r be n(13). Suppose -10*x = -704 - r. What is the units digit of x?
3
What is the hundreds digit of 8 + 1900 + (210/(-5))/6?
9
Let j = 32 + -28. Suppose 0 = 4*u - 3*b + 24 - 327, 0 = 4*u - j*b - 308. What is the tens digit of u?
7
Let y(c) = c**2 - 5*c + 9. Let m be y(3). Suppose j + m*x = -x + 108, x - 188 = -2*j. What is the units digit of j?
2
Let u(w) = 9*w**2 + 4*w + 3. Let j(r) = 4*r**2 + 2*r + 1. Let x(c) = 7*j(c) - 3*u(c). What is the tens digit of x(7)?
6
Let k(g) = 112*g - 237. What is the hundreds digit of k(18)?
7
Let i(b) = b**3 - 17*b**2 - 27*b - 21. Let g be i(19). Let x = 313 - g. What is the hundreds digit of x?
1
Suppose 0 = -3*s + 3*r + 36, -s - 56 = -5*s - 4*r. Suppose s*j + 185 = 18*j. What is the tens digit of j?
3
Suppose -5*z = -3*d - 3487, -21*z + d - 2081 = -24*z. What is the hundreds digit of z?
6
Let n(u) = -108*u + 61. What is the units digit of n(-14)?
3
Let r = -939 + 2486. What is the tens digit of r?
4
Suppose 4*z + 5*g - g = -8, -3*z + 4*g = -1. What is the hundreds digit of (-1)/(z/115) + -1?
1
Let w(d) be the third derivative of -d**4/24 - d**3/3 + 5*d**2. Let t be w(-5). Suppose -3*z + 48 = -2*g - g, -4*g = t*z - 48. What is the units digit of z?
6
Let d = 263 + -222. What is the units digit of d?
1
Suppose 7*k - 35 = 7. What is the tens digi